e the third derivative of 1/24*b**4 + 0*b + 0 - 4/3*b**3 - b**2. What is the units digit of p(10)?
2
Suppose -3*p = -0*p - 36. What is the units digit of p?
2
Suppose -d - 284 = -3*o, -o = -4*d - d - 118. What is the units digit of o?
3
Let j = 2 - 1. Let z = j + 14. What is the tens digit of z?
1
Suppose n - 7 = 8. Suppose a - 4*a = -3*y + 6, 0 = -2*y + a + 6. Suppose n = -5*p + y*d, 4*p - d = -2 + 1. What is the units digit of p?
1
Suppose 2*b + 4 = 8. What is the units digit of b?
2
Suppose 0 = 3*c - c. Suppose -3*f + 5*f - z = 0, c = f + 4*z. Suppose 0 = -f*x - 5*x + 35. What is the units digit of x?
7
Let r(k) be the third derivative of 1/6*k**3 - 1/24*k**4 - 2*k**2 + 0*k + 0. What is the units digit of r(-5)?
6
Let x(d) = d**3 + 6*d**2 + 4*d + 1. Let g be x(-5). Suppose -10*f + g*f + 12 = 0. What is the units digit of f?
3
Let v be (32/10)/4*5. Suppose 5*f + 10 = v*a - 34, -11 = -a - 2*f. What is the tens digit of a?
1
What is the units digit of (-2)/(-8) + 62/8?
8
Suppose -2*a - 2*a = -44. What is the units digit of a?
1
Suppose -5 = -4*a + 3. Suppose 3*o = a*s - 9, 3*o - 8 = -2*s - 5. What is the units digit of s?
3
Let v(m) = -4*m**2 - m + 1. Let u be v(1). What is the tens digit of 2/u + (-31)/(-2)?
1
What is the tens digit of 1*52*(-16)/(-32)?
2
Let b = 7 - 4. Let m(v) = 2*v**2 + 3 - 3*v**2 + 0*v - b*v. What is the units digit of m(-3)?
3
Let t(k) = -2*k**2 + 2*k + 1. Let g be t(-1). What is the units digit of (-8 + 5)/(g/43)?
3
Let t(o) = -o**3 + 10*o**2 + 4*o - 4. What is the hundreds digit of t(9)?
1
Let c(w) = w**3 - 3*w**2 - 2*w + 4. Let i be c(4). Suppose -5*j - i = -0*j + n, n = -2. Let x(k) = 4*k**2 + 3*k. What is the tens digit of x(j)?
1
Suppose 0*n - 145 = -5*n. Suppose n + 11 = 3*m + 2*u, -4*m - 3*u + 53 = 0. What is the units digit of m?
4
Let x(n) = -n**3 - 11*n**2 - 4*n - 5. What is the units digit of x(-11)?
9
What is the units digit of 91 - 4 - (-4 + 2)?
9
Suppose -52 = -6*x + 8*x. What is the units digit of x/((1 - 0)/(-1))?
6
Suppose 2*p = -f + 275, 2*p - 150 = p + 2*f. What is the tens digit of p?
4
Let l(f) = f + 8. Let z be l(-7). Let x = z + 0. What is the units digit of x?
1
Let t = 27 + -15. Suppose 0*x = x + t. Let s = 19 + x. What is the units digit of s?
7
What is the units digit of ((-30)/(-4))/((-2)/(-4))?
5
Let k = -18 - -19. Let o = -8 + 12. Suppose k = 5*p - o*p. What is the units digit of p?
1
Suppose 2*a - a - 218 = 0. What is the tens digit of a?
1
Suppose -2*k + 50 = -16. What is the tens digit of k?
3
Suppose 2*l - 21 = 3*u, 0*u - 10 = 2*u. Let b be 0 + (4 - 1) + 0. Suppose 4*j = l*t + 28, 2*j + b*t - 13 = 1. What is the units digit of j?
7
Let y(k) = 2*k + 3. Let p(r) = -3*r - 5. Suppose 7 - 1 = -2*l - 4*b, -2*l = -2*b + 12. Let u(j) = l*y(j) - 3*p(j). What is the units digit of u(-6)?
6
Suppose -5*b + b = 16. Let v = 7 - 5. Let q = v - b. What is the units digit of q?
6
Let q = -10 + 4. What is the tens digit of 4 + 2/(q/(-39))?
1
Let n(d) = -d**2 - 15*d + 17. What is the units digit of n(-15)?
7
Suppose -g - 1 = 1. Let o(x) = 6*x**3 + 3*x**2 + x - 2. Let p be o(g). Let m = -21 - p. What is the units digit of m?
9
Let f = 174 - 44. What is the units digit of f?
0
Let w(f) = f**2 - 10*f + 9. Let r be w(9). What is the units digit of r/6 - (-18)/1?
8
Let q = -27 - -116. What is the units digit of q?
9
Let b = -18 - -34. Suppose 0 = j + p - 64 + b, 4*p - 36 = -j. Suppose 0 = 2*t - 6*t + j. What is the units digit of t?
3
Let c be ((-15)/2)/(1/6). Let b = -31 - c. What is the units digit of b?
4
Suppose 3*w = -209 + 659. What is the hundreds digit of w?
1
Suppose -5*q = -2*h + 836, -3*h + 2*q + 1672 = h. What is the tens digit of h?
1
Let h = -6 + 7. Let n be (h/(-2))/(1/(-50)). Suppose 3*w + 1 = n. What is the units digit of w?
8
Let m = 104 - 67. Let v = m - 22. What is the tens digit of v?
1
Suppose -5*r - 8 = -2*l + 1, -4*r - l - 15 = 0. Let m(x) = -x. Let s be m(r). Suppose 1 = -g + w, -4 - s = -g - w. What is the units digit of g?
3
Let j be (-2)/2 - (-40)/4. Let l = 1 + j. What is the tens digit of l?
1
Let s(d) = -33*d - 1. What is the tens digit of s(-1)?
3
Suppose -3*f + 24 = -5*v, -2*f + 21 = 3*f - 2*v. Suppose 4*c - 44 = c - 4*y, -2*y = -f*c + 68. What is the units digit of c?
0
Let j(f) = f**3 + 4*f**2 + f. Let l be j(-3). Suppose -3*k + 3*o = 0, -2*k + l*k - 12 = -2*o. What is the units digit of k?
2
Suppose -2*m - 10 = -6. Let i(r) be the first derivative of -r**4/4 + 2*r**3/3 - 2*r - 1. What is the tens digit of i(m)?
1
Suppose -4*b + 350 = b + 5*i, 64 = b + 4*i. What is the tens digit of b?
7
Suppose -2*q + 140 = 4*l, 0*l - 363 = -5*q + 3*l. What is the units digit of q?
2
Suppose -5*r - 3 = -0*r + 3*k, -2*k + 14 = -2*r. Suppose 28 = -3*z + 4. What is the units digit of -1*(z + r - -3)?
8
Let x = 36 - -15. What is the units digit of x?
1
Let z(b) be the third derivative of 1/120*b**6 - 2*b**2 + 1/24*b**4 + 0 + 7/6*b**3 + 0*b - 7/60*b**5. What is the units digit of z(7)?
4
Let p(i) = i**2 + 14*i + 16. Let m be p(-13). Suppose -w + 37 = b - m*b, b = -w + 25. What is the units digit of w?
9
Let j = 28 - -20. What is the tens digit of j?
4
Suppose -6 = h - 1. Let u(i) = -7*i**3 + 8*i**2 - 3*i + 11. Let n(w) = 3*w**3 - 4*w**2 + 2*w - 5. Let p(m) = -9*n(m) - 4*u(m). What is the units digit of p(h)?
6
Suppose 4*v + 40 = 5*v. What is the units digit of v?
0
Let m be 40/6 + (-5)/(-15). Suppose 7 + m = 2*i. What is the units digit of i?
7
Suppose 0*a - 3*a + 348 = 0. What is the hundreds digit of a?
1
Let m(z) = -7*z + 2. Let n be m(2). Suppose 0 = -5*u + 3*u - 12. What is the units digit of (-26)/u - (-4)/n?
4
Let h be (-10304)/(-98) + 1/(-7). What is the tens digit of ((-12)/10)/((-6)/h)?
2
Let l = 14 - 21. Let r = l - -10. Suppose 0 = 2*a - 4, -r*k - 3*a + 51 - 3 = 0. What is the tens digit of k?
1
Suppose 3*l - 13 = -o, -15 = -3*o - 4*l + 29. What is the units digit of o?
6
Let s be ((-165)/(-22))/(2/8). Let o = 64 - s. What is the units digit of o?
4
Let x(c) = -748*c**2 - 3*c - 2. Let m be x(-1). What is the tens digit of m/(-36) + (-2)/(-8)?
2
Suppose 5*a + 0*a - 85 = 0. Let u = a - 9. What is the units digit of u?
8
Let d(k) = k - 2. Let p be d(5). Let o = 6 - p. Suppose -o*z = 4*n - 29, -z + 3*n = -0*n - 1. What is the units digit of z?
7
Let l = 6 + -31. What is the tens digit of ((-1 - -1) + l)/(-1)?
2
Let a be ((-6)/(-4))/((-3)/(-16)). Suppose a = 2*d - 5*x - 2, 4*d + 2 = -x. Suppose -q + 6 = -l, d = -4*q - 2*l - 3*l - 12. What is the units digit of q?
2
Suppose 0 = 2*a + 3*a - 10, d + 4 = 5*a. Let y = d - -27. What is the units digit of y?
3
Suppose 4*d = 3*x - 26, 10 = -3*d + d. What is the tens digit of 11 - 0 - (x - 5)?
1
Let j be 4 - ((-4 - -7) + -83). Suppose -4*r + 0*r = -j. What is the tens digit of r?
2
What is the units digit of ((-2)/(-10))/((-5)/(-25))?
1
Suppose -5*o + 5 = -0. Suppose q - 3 = -o. Suppose -t + l + 13 = 0, -4*l - 67 = q*t - 7*t. What is the units digit of t?
5
What is the tens digit of 16/(2/(-4)*2/(-6))?
9
Let l(t) = -4*t - 4. Let y(c) = 5*c + 4. Suppose 50 = -v - 4*v - 4*q, -q = 3*v + 23. Let b(x) = v*l(x) - 5*y(x). What is the units digit of b(3)?
1
Let d be (-3 - -2) + -3*3. Let o = -85 + 63. Let v = d - o. What is the tens digit of v?
1
Suppose 0 = 3*w + 17 - 53. Let i = w + -7. Suppose f + 2*b = 4, 2*f + i*b = f - 5. What is the units digit of f?
0
Let g(l) = -15*l. Let y be g(6). What is the tens digit of 2/(-9) + (-2360)/y?
2
Let k = 0 - 1. Suppose -u = -3*u + 24. What is the units digit of (-4)/u*6*k?
2
Suppose -d - 6 = d, -112 = -5*j + 4*d. Let w = j - 14. Suppose y + 2 = w. What is the units digit of y?
4
Suppose 56 = 3*a - p - 77, 2*a + p - 97 = 0. What is the tens digit of a?
4
Let z(x) be the first derivative of -x**3/3 + 17*x + 4. Let c be z(0). Let h = c - 1. What is the units digit of h?
6
Let h be 3*2*15/9. Suppose -5*d = -h*d + 5. What is the units digit of d?
1
Let u(l) = -2*l**2 - 2*l + 6. Let j(c) = c**2 + c - 4. Let b(f) = -8*j(f) - 5*u(f). Let x = 18 + -20. What is the units digit of b(x)?
6
Suppose 4*p - 9 = 3. Let h(i) = i**3 - 6*i**2 - 5*i - 8. Let f be h(7). Suppose 0 = p*s - 3, -f*v + s + 35 = -3*v. What is the units digit of v?
2
What is the tens digit of 4/(-26) - (-249)/13?
1
Let p be -47*(0 - 1)/1. Let o be (-6)/2